
199
Calculate the remainder when 5 is divided by 2.
1
Calculate the remainder when 52 is divided by 8.
4
Calculate the remainder when 205 is divided by 30.
25
What is the remainder when 57 is divided by 30?
27
Calculate the remainder when 17 is divided by 6.
5
Calculate the remainder when 1076 is divided by 348.
32
Calculate the remainder when 196 is divided by 106.
90
Calculate the remainder when 7244 is divided by 28.
20
Calculate the remainder when 1474 is divided by 82.
80
Calculate the remainder when 3833 is divided by 137.
134
What is the remainder when 25 is divided by 2?
1
Calculate the remainder when 1726 is divided by 157.
156
Calculate the remainder when 638 is divided by 10.
8
Calculate the remainder when 1269 is divided by 256.
245
What is the remainder when 2610 is divided by 58?
0
What is the remainder when 2196 is divided by 5?
1
Calculate the remainder when 33 is divided by 12.
9
What is the remainder when 192 is divided by 52?
36
What is the remainder when 57 is divided by 8?
1
What is the remainder when 131 is divided by 17?
12
What is the remainder when 416 is divided by 133?
17
What is the remainder when 1314 is divided by 637?
40
Calculate the remainder when 1007 is divided by 335.
2
Calculate the remainder when 25 is divided by 6.
1
Calculate the remainder when 93 is divided by 16.
13
What is the remainder when 459 is divided by 109?
23
Calculate the remainder when 1268 is divided by 317.
0
Calculate the remainder when 64 is divided by 36.
28
What is the remainder when 2922 is divided by 264?
18
Calculate the remainder when 454 is divided by 36.
22
Calculate the remainder when 95 is divided by 36.
23
What is the remainder when 1042 is divided by 95?
92
Calculate the remainder when 161 is divided by 15.
11
Calculate the remainder when 44 is divided by 24.
20
What is the remainder when 611 is divided by 15?
11
Calculate the remainder when 244 is divided by 49.
48
Calculate the remainder when 276 is divided by 14.
10
What is the remainder when 312 is divided by 54?
42
What is the remainder when 135 is divided by 123?
12
What is the remainder when 195 is divided by 31?
9
Calculate the remainder when 1028 is divided by 9.
2
Calculate the remainder when 104 is divided by 102.
2
What is the remainder when 75 is divided by 21?
12
What is the remainder when 2580 is divided by 364?
32
What is the remainder when 549 is divided by 10?
9
Calculate the remainder when 3132 is divided by 80.
12
What is the remainder when 1309 is divided by 44?
33
What is the remainder when 17668 is divided by 15?
13
What is the remainder when 58 is divided by 27?
4
What is the remainder when 306 is divided by 28?
26
What is the remainder when 548 is divided by 163?
59
What is the remainder when 290 is divided by 69?
14
Calculate the remainder when 99 is divided by 7.
1
What is the remainder when 12279 is divided by 71?
67
What is the remainder when 3011 is divided by 30?
11
What is the remainder when 21416 is divided by 35?
31
Calculate the remainder when 2579 is divided by 541.
415
Calculate the remainder when 116 is divided by 20.
16
Calculate the remainder when 1266 is divided by 107.
89
What is the remainder when 287 is divided by 150?
137
What is the remainder when 10848 is divided by 50?
48
Calculate the remainder when 357 is divided by 351.
6
What is the remainder when 133 is divided by 133?
0
Calculate the remainder when 15 is divided by 10.
5
What is the remainder when 119 is divided by 57?
5
Calculate the remainder when 1184 is divided by 371.
71
What is the remainder when 80 is divided by 75?
5
What is the remainder when 156 is divided by 59?
38
Calculate the remainder when 8055 is divided by 152.
151
What is the remainder when 206 is divided by 19?
16
Calculate the remainder when 229 is divided by 26.
21
Calculate the remainder when 142 is divided by 36.
34
What is the remainder when 162 is divided by 54?
0
What is the remainder when 640 is divided by 108?
100
Calculate the remainder when 433 is divided by 42.
13
What is the remainder when 737 is divided by 12?
5
What is the remainder when 2256 is divided by 23?
2
What is the remainder when 1411 is divided by 47?
1
Calculate the remainder when 10587 is divided by 2.
1
What is the remainder when 459 is divided by 116?
111
What is the remainder when 588 is divided by 24?
12
Calculate the remainder when 1375 is divided by 175.
150
Calculate the remainder when 503 is divided by 110.
63
What is the remainder when 145 is divided by 15?
10
What is the remainder when 573 is divided by 119?
97
What is the remainder when 125 is divided by 6?
5
Calculate the remainder when 144 is divided by 36.
0
What is the remainder when 162 is divided by 15?
12
Calculate the remainder when 2135 is divided by 304.
7
Calculate the remainder when 1261 is divided by 49.
36
Calculate the remainder when 190 is divided by 16.
14
Calculate the remainder when 4117 is divided by 71.
70
Calculate the remainder when 37278 is divided by 51.
48
Calculate the remainder when 1286 is divided by 401.
83
What is the remainder when 162 is divided by 42?
36
Calculate the remainder when 3329 is divided by 28.
25
What is the remainder when 239 is divided by 40?
39
What is the remainder when 336 is divided by 11?
6
What is the remainder when 230 is divided by 18?
14
Calculate the remainder when 361 is divided by 184.
177
Calculate the remainder when 640 is divided by 162.
154
What is the remainder when 471 is divided by 53?
47
Calculate the remainder when 287 is divided by 36.
35
Calculate the remainder when 502 is divided by 99.
7
Calculate the remainder when 48 is divided by 10.
8
What is the remainder when 52775 is divided by 24?
23
What is the remainder when 13 is divided by 5?
3
What is the remainder when 127 is divided by 32?
31
Calculate the remainder when 2697 is divided by 50.
47
What is the remainder when 1529 is divided by 18?
17
Calculate the remainder when 1555 is divided by 82.
79
Calculate the remainder when 142 is divided by 70.
2
What is the remainder when 1112 is divided by 223?
220
What is the remainder when 113 is divided by 36?
5
Calculate the remainder when 574 is divided by 52.
2
Calculate the remainder when 459 is divided by 154.
151
What is the remainder when 659 is divided by 6?
5
Calculate the remainder when 492 is divided by 11.
8
Calculate the remainder when 313 is divided by 82.
67
Calculate the remainder when 850 is divided by 172.
162
What is the remainder when 2507 is divided by 72?
59
Calculate the remainder when 181 is divided by 44.
5
Calculate the remainder when 28 is divided by 20.
8
What is the remainder when 637 is divided by 16?
13
What is the remainder when 106 is divided by 9?
7
What is the remainder when 517 is divided by 20?
17
Calculate the remainder when 359 is divided by 332.
27
Calculate the remainder when 878 is divided by 11.
9
What is the remainder when 499 is divided by 73?
61
What is the remainder when 155 is divided by 16?
11
What is the remainder when 1657 is divided by 10?
7
What is the remainder when 693 is divided by 21?
0
What is the remainder when 70 is divided by 12?
10
What is the remainder when 3836 is divided by 160?
156
What is the remainder when 711 is divided by 102?
99
What is the remainder when 189 is divided by 49?
42
Calculate the remainder when 54 is divided by 37.
17
Calculate the remainder when 19597 is divided by 245.
242
Calculate the remainder when 55 is divided by 22.
11
What is the remainder when 1481 is divided by 7?
4
What is the remainder when 241 is divided by 61?
58
Calculate the remainder when 297 is divided by 30.
27
Calculate the remainder when 73 is divided by 16.
9
Calculate the remainder when 820 is divided by 205.
0
What is the remainder when 188 is divided by 14?
6
Calculate the remainder when 716 is divided by 25.
16
Calculate the remainder when 391 is divided by 56.
55
Calculate the remainder when 1331 is divided by 43.
41
Calculate the remainder when 2337 is divided by 34.
25
What is the remainder when 2452 is divided by 63?
58
What is the remainder when 319 is divided by 46?
43
What is the remainder when 26 is divided by 11?
4
Calculate the remainder when 277 is divided by 76.
49
Calculate the remainder when 28 is divided by 3.
1
What is 